{"id":5907,"date":"2023-09-12T13:46:48","date_gmt":"2023-09-12T10:46:48","guid":{"rendered":"https:\/\/crefop.site\/wp-content\/uploads\/2023\/09\/Rolul-retelelor-sociale-in-invatarea-colaborativa-la-locul-de-munca-7.png"},"modified":"2023-09-12T13:46:48","modified_gmt":"2023-09-12T10:46:48","slug":"rolul-retelelor-sociale-in-invatarea-colaborativa-la-locul-de-munca-7-2","status":"inherit","type":"attachment","link":"https:\/\/crefop.site\/en\/rolul-retelelor-sociale-in-invatarea-colaborativa-la-locul-de-munca-7-2\/","title":{"rendered":"Rolul re\u021belelor sociale \u00een \u00eenv\u0103\u021barea colaborativ\u0103 la locul de munc\u0103 (7)"},"author":1,"featured_media":0,"comment_status":"closed","ping_status":"closed","template":"","meta":{"inline_featured_image":false},"class_list":["post-5907","attachment","type-attachment","status-inherit","hentry"],"description":{"rendered":"<p class=\"attachment\"><a href='https:\/\/crefop.site\/wp-content\/uploads\/2023\/09\/Rolul-retelelor-sociale-in-invatarea-colaborativa-la-locul-de-munca-7.png'><img fetchpriority=\"high\" decoding=\"async\" width=\"300\" height=\"251\" src=\"https:\/\/crefop.site\/wp-content\/uploads\/2023\/09\/Rolul-retelelor-sociale-in-invatarea-colaborativa-la-locul-de-munca-7-300x251.png\" class=\"attachment-medium size-medium\" alt=\"\" srcset=\"https:\/\/crefop.site\/wp-content\/uploads\/2023\/09\/Rolul-retelelor-sociale-in-invatarea-colaborativa-la-locul-de-munca-7-300x251.png 300w, https:\/\/crefop.site\/wp-content\/uploads\/2023\/09\/Rolul-retelelor-sociale-in-invatarea-colaborativa-la-locul-de-munca-7-510x428.png 510w, https:\/\/crefop.site\/wp-content\/uploads\/2023\/09\/Rolul-retelelor-sociale-in-invatarea-colaborativa-la-locul-de-munca-7-768x644.png 768w, https:\/\/crefop.site\/wp-content\/uploads\/2023\/09\/Rolul-retelelor-sociale-in-invatarea-colaborativa-la-locul-de-munca-7.png 940w\" sizes=\"(max-width: 300px) 100vw, 300px\" \/><\/a><\/p>\n"},"caption":{"rendered":""},"alt_text":"","media_type":"image","mime_type":"image\/png","media_details":{"width":940,"height":788,"file":"2023\/09\/Rolul-retelelor-sociale-in-invatarea-colaborativa-la-locul-de-munca-7.png","filesize":191846,"sizes":{"woocommerce_thumbnail":{"file":"Rolul-retelelor-sociale-in-invatarea-colaborativa-la-locul-de-munca-7-247x296.png","width":247,"height":296,"filesize":50715,"uncropped":false,"mime_type":"image\/png","source_url":"https:\/\/crefop.site\/wp-content\/uploads\/2023\/09\/Rolul-retelelor-sociale-in-invatarea-colaborativa-la-locul-de-munca-7-247x296.png"},"woocommerce_gallery_thumbnail":{"file":"Rolul-retelelor-sociale-in-invatarea-colaborativa-la-locul-de-munca-7-100x100.png","width":100,"height":100,"filesize":11927,"mime_type":"image\/png","source_url":"https:\/\/crefop.site\/wp-content\/uploads\/2023\/09\/Rolul-retelelor-sociale-in-invatarea-colaborativa-la-locul-de-munca-7-100x100.png"},"woocommerce_single":{"file":"Rolul-retelelor-sociale-in-invatarea-colaborativa-la-locul-de-munca-7-510x428.png","width":510,"height":428,"filesize":105864,"mime_type":"image\/png","source_url":"https:\/\/crefop.site\/wp-content\/uploads\/2023\/09\/Rolul-retelelor-sociale-in-invatarea-colaborativa-la-locul-de-munca-7-510x428.png"},"medium":{"file":"Rolul-retelelor-sociale-in-invatarea-colaborativa-la-locul-de-munca-7-300x251.png","width":300,"height":251,"filesize":71512,"mime_type":"image\/png","source_url":"https:\/\/crefop.site\/wp-content\/uploads\/2023\/09\/Rolul-retelelor-sociale-in-invatarea-colaborativa-la-locul-de-munca-7-300x251.png"},"thumbnail":{"file":"Rolul-retelelor-sociale-in-invatarea-colaborativa-la-locul-de-munca-7-150x150.png","width":150,"height":150,"filesize":30724,"mime_type":"image\/png","source_url":"https:\/\/crefop.site\/wp-content\/uploads\/2023\/09\/Rolul-retelelor-sociale-in-invatarea-colaborativa-la-locul-de-munca-7-150x150.png"},"medium_large":{"file":"Rolul-retelelor-sociale-in-invatarea-colaborativa-la-locul-de-munca-7-768x644.png","width":768,"height":644,"filesize":423137,"mime_type":"image\/png","source_url":"https:\/\/crefop.site\/wp-content\/uploads\/2023\/09\/Rolul-retelelor-sociale-in-invatarea-colaborativa-la-locul-de-munca-7-768x644.png"},"full":{"file":"Rolul-retelelor-sociale-in-invatarea-colaborativa-la-locul-de-munca-7.png","width":940,"height":788,"mime_type":"image\/png","source_url":"https:\/\/crefop.site\/wp-content\/uploads\/2023\/09\/Rolul-retelelor-sociale-in-invatarea-colaborativa-la-locul-de-munca-7.png"}},"image_meta":{"aperture":"0","credit":"","camera":"","caption":"","created_timestamp":"0","copyright":"","focal_length":"0","iso":"0","shutter_speed":"0","title":"","orientation":"0","keywords":[]}},"post":null,"source_url":"https:\/\/crefop.site\/wp-content\/uploads\/2023\/09\/Rolul-retelelor-sociale-in-invatarea-colaborativa-la-locul-de-munca-7.png","_links":{"self":[{"href":"https:\/\/crefop.site\/en\/wp-json\/wp\/v2\/media\/5907","targetHints":{"allow":["GET"]}}],"collection":[{"href":"https:\/\/crefop.site\/en\/wp-json\/wp\/v2\/media"}],"about":[{"href":"https:\/\/crefop.site\/en\/wp-json\/wp\/v2\/types\/attachment"}],"author":[{"embeddable":true,"href":"https:\/\/crefop.site\/en\/wp-json\/wp\/v2\/users\/1"}],"replies":[{"embeddable":true,"href":"https:\/\/crefop.site\/en\/wp-json\/wp\/v2\/comments?post=5907"}]}}

Rolul rețelelor sociale în învățarea colaborativă la locul de muncă (7)
